base 2, what is 111000101110010 + -100110?
111000101001100
In base 11, what is -71 - -94a?
889
In base 14, what is 15a + 12d?
289
In base 13, what is -38b0c1 - -4?
-38b0ba
In base 9, what is -26 - 217?
-244
In base 9, what is 512034 + 0?
512034
In base 3, what is -11202112021 - 11?
-11202112102
In base 8, what is -1664 - 23?
-1707
In base 13, what is 2 + 912b3?
912b5
In base 15, what is -124 + 44?
-d0
In base 10, what is -9 - 104484?
-104493
In base 12, what is 2 - 16737b?
-167379
In base 14, what is d + 7936?
7945
In base 5, what is -243 + -104130?
-104423
In base 2, what is 1 + -10111111010110110?
-10111111010110101
In base 11, what is 3555 + 15?
356a
In base 10, what is 232666 - -2?
232668
In base 8, what is 0 - -307000?
307000
In base 6, what is 10400113 - -1?
10400114
In base 6, what is 20 - -125104?
125124
In base 8, what is 0 - -334202?
334202
In base 7, what is 3251 - 43?
3205
In base 7, what is -10 - 4121030?
-4121040
In base 3, what is 2 - -110210002210?
110210002212
In base 16, what is 2ae06 + 2?
2ae08
In base 7, what is -13661 + -366?
-14360
In base 15, what is 2a58 - -1a?
2a73
In base 16, what is -36 - 495?
-4cb
In base 12, what is 5 + -16446?
-16441
In base 12, what is -3 - -5b61?
5b5a
In base 2, what is 11 + 1010011100000110110?
1010011100000111001
In base 8, what is -31621 - 105?
-31726
In base 14, what is 4 + 7c929?
7c92d
In base 15, what is b - 3b88?
-3b7c
In base 15, what is -90 + 12b6?
1226
In base 7, what is -6554 - -31?
-6523
In base 8, what is 0 - -1124124?
1124124
In base 6, what is -1121100 + -31?
-1121131
In base 2, what is 1000100 - -10001110?
11010010
In base 13, what is 493 - 456?
3a
In base 14, what is -1 - -c38a?
c389
In base 2, what is 10001 - 1010001100100010?
-1010001100010001
In base 6, what is -150 - -4223?
4033
In base 16, what is -20529 - -7?
-20522
In base 5, what is 1401311 - 21?
1401240
In base 14, what is 13b - c?
12d
In base 4, what is 30120123 + -200?
30113323
In base 7, what is 6415342 - 3?
6415336
In base 2, what is -10 - -100111000110111110?
100111000110111100
In base 10, what is -52 - 3821?
-3873
In base 2, what is -1001111100 - 1?
-1001111101
In base 6, what is 451 + 505?
1400
In base 2, what is 10 - 111010111111100?
-111010111111010
In base 14, what is 273 + 47?
2ba
In base 13, what is 2b2 - 3c00?
-391b
In base 9, what is -1 + -273100?
-273101
In base 9, what is -211 - -778?
567
In base 16, what is -29934 - 1?
-29935
In base 11, what is 3 - -110155?
110158
In base 11, what is -17681 + -2?
-17683
In base 12, what is 984 + -38b?
5b5
In base 7, what is 316 - -166?
515
In base 2, what is -1100001 - -100110?
-111011
In base 6, what is -4 + -4241?
-4245
In base 9, what is -624 + 5?
-618
In base 5, what is 122331 - -2?
122333
In base 13, what is -5 + -2c105?
-2c10a
In base 6, what is -4003 - 320?
-4323
In base 5, what is 32221124 + 4?
32221133
In base 11, what is 5a9 - a54?
-456
In base 15, what is -6a777 - 0?
-6a777
In base 2, what is 101 + -110011000010111010?
-110011000010110101
In base 15, what is 17c38 + 3?
17c3b
In base 3, what is 10012 + -11202?
-1120
In base 16, what is -124b - d?
-1258
In base 9, what is 30851 - 10?
30841
In base 12, what is 29631 - 26?
29607
In base 8, what is 325 + -265?
40
In base 15, what is -b651 - 0?
-b651
In base 2, what is 10011110010011 + -101000?
10011101101011
In base 6, what is 232 - 1250?
-1014
In base 10, what is -1592 - -776?
-816
In base 10, what is 7766 + -29?
7737
In base 4, what is 12 - -1100031013?
1100031031
In base 9, what is -612 - -76?
-525
In base 2, what is -10101110010 - -10011100?
-10011010110
In base 9, what is 765 - -7121?
7886
In base 12, what is 4 + -26bb87?
-26bb83
In base 13, what is -15a + -620?
-77a
In base 12, what is 1a61 - -4?
1a65
In base 11, what is -1 + -2510?
-2511
In base 13, what is b4b0 - -3?
b4b3
In base 16, what is 2c7a + d4?
2d4e
In base 11, what is -13 - 3173?
-3186
In base 5, what is -32213 - 1013?
-33231
In base 8, what is 733 + -637?
74
In base 13, what is -53 - 124?
-177
In base 9, what is 11870 + 5?
11875
In base 12, what is -3a70 + 8?
-3a64
In base 2, what is 1111111101000 + -100011101?
1111011001011
In base 7, what is -104 + 1100?
663
In base 6, what is 4231 - -322?
4553
In base 15, what is 69 + -39?
30
In base 9, what is -20 + -10460?
-10480
In base 5, what is 33241 - -13?
33304
In base 12, what is 1 - 27452?
-27451
In base 4, what is 100003 + -11?
33332
In base 4, what is 0 - 1001001232?
-1001001232
In base 15, what is 136c6 + 15?
136db
In base 8, what is -1 - -124776?
124775
In base 9, what is 1771 + -188?
1572
In base 4, what is 10 - -23100133?
23100203
In base 14, what is -3a - 21a?
-256
In base 11, what is -5426 + -a?
-5435
In base 13, what is 683 - -791?
1144
In base 14, what is 25 + -30a?
-2c5
In base 9, what is 0 - -421116?
421116
In base 4, what is 202310 - 3032?
133212
In base 10, what is -2 - 6077?
-6079
In base 4, what is 1133213 + -3?
1133210
In base 10, what is 1 - 9687?
-9686
In base 6, what is -23 - 155?
-222
In base 11, what is 0 + -1230a9?
-1230a9
In base 2, what is -1101111 - -100000000000110?
11111110010111
In base 4, what is -112321111 - -10?
-112321101
In base 16, what is -2a9 - 38?
-2e1
In base 13, what is 6007 + 30?
6037
In base 11, what is 68 - -265?
322
In base 2, what is -1000001 + 100000?
-100001
In base 6, what is -1334 - 2225?
-4003
In base 3, what is 22012102200 + 22?
22012102222
In base 12, what is 5 - -351291?
351296
In base 8, what is -3040 + -32?
-3072
In base 6, what is 4 + -14341?
-14333
In base 4, what is -22030213 + -1101?
-22031320
In base 11, what is -6 + -1549?
-1554
In base 6, what is 24 + 134?
202
In base 10, what is 1 + -587219?
-587218
In base 8, what is 2203065 - -3?
2203070
In base 7, what is 2 + -103261?
-103256
In base 3, what is 1001 + -100110100?
-100102022
In base 12, what is 2 - -10345?
10347
In base 6, what is 143 - 42?
101
In base 2, what is -100001 + -1101101001?
-1110001010
In base 14, what is 9bc + 15b?
b39
In base 2, what is 111 - -101010101010?
101010110001
In base 16, what is d2028 + -3?
d2025
In base 3, what is 2021 + -11112220?
-11110122
In base 7, what is -2 + 233422?
233420
In base 10, what is -178618 - 5?
-178623
In base 8, what is 3 + 1412621?
1412624
In base 11, what is -1 + 15130?
1512a
In base 13, what is 106b - -30a?
1378
In base 15, what is 85d + -1?
85c
In base 6, what is -430532 - 52?
-431024
In base 14, what is -2 + 643c8?
643c6
In base 3, what is -2221012121 - 200?
-2221020021
In base 4, what is 102 + -32012023?
-32011321
In base 12, what is -2a + -4981?
-49ab
In base 8, what is -1 - -4773?
4772
In base 8, what is 3 - 142525?
-142522
In base 4, what is -11130222 + 11?
-11130211
In base 10, what is 970943 + 4?
970947
In base 15, what is -172b - -5?
-1726
In base 16, what is -f6a - 0?
-f6a
In base 3, what is 21110 + 12122?
111002
In base 14, what is 4 + 1d07a?
1d080
In base 12, what is 1 - 60060?
-6005b
In base 12, what is 215612 + -2?
215610
In base 12, what is -114 + -87?
-19b
In base 4, what is 33303 + -2120?
31123
In base 5, what is -3224002 + -4?
-3224011
In base 11, what is 128 + 200?
328
In base 13, what is -1c - 17c?
-19b
In base 7, what is -333101 + 5?
-333063
In base 5, what is 3223313 - -10?
3223323
In base 13, what is -54887 - -1?
-54886
In base 16, what is -2836 - -3f?
-27f7
In base 4, what is 11 + 2211323?
2212000
In base 11, what is -301 - -204?
-a8
In base 11, what is -215 + 37?
-189
In base 7, what is 26 + 466302?
466331
In base 10, what is -30615 - -8?
-30607
In base 15, what is -1a687 - 4?
-1a68b
In base 9, what is 487725 - 0?
487725
In base 9, what is -74 + -72?
-156
In base 12, what is 166 + 175?
31b
In base 11, what is 239a888 + 1?
239a889
In base 3, what is 2 + 12121011222?
12121012001
In base 11, what is 118 + 706?
823
In base 10, what is -36 - 181830?
-181866
In base 6, what is 105052 - 13?
105035
In base 3, what is -202100111 - 20121?
-202121002
In base 6, what is 42 - 10050?
-10004
In base 2, what is -1100001000 - 111?
-1100001111
In base 12, what is -8 + 3b6?
3aa
In base 9, what is 5106 - 81?
5015
In base 4, what is -2200 + -11332?
-20132
In base 5, what is 244041 - 2?
244034
In base 4, what is 10 + 203233?
203303
In base 3, what is -11 + 10111001012111?
10111001012100
In base 9, what is 485 - -1?
486
In base 2, 